 + 512?
432
In base 5, what is 142 + -40?
102
In base 6, what is -4 + 132?
124
In base 15, what is c + -10?
-3
In base 9, what is 25 - -86?
122
In base 2, what is -11000 - 1?
-11001
In base 3, what is -2200001 - -12?
-2122212
In base 7, what is -1254 - 16?
-1303
In base 13, what is 6 - 466?
-460
In base 14, what is -2 + 79?
77
In base 16, what is -ab1 + 0?
-ab1
In base 7, what is -6 - 5310?
-5316
In base 11, what is 7 + 8?
14
In base 2, what is -101101000 + 1?
-101100111
In base 14, what is -44 - -1?
-43
In base 4, what is 12 - -311?
323
In base 7, what is -2521 + -1?
-2522
In base 14, what is -b + 38?
2b
In base 8, what is 2 - -107?
111
In base 16, what is 3 + -34?
-31
In base 13, what is -171 + -4?
-175
In base 15, what is 11 - 1?
10
In base 16, what is -14 - -7?
-d
In base 15, what is 48 - -9?
52
In base 5, what is 3434 + 4?
3443
In base 4, what is 33 + -2032?
-1333
In base 7, what is -350 - -5?
-342
In base 6, what is -121 + 1?
-120
In base 4, what is -12 - 300?
-312
In base 8, what is 4 + -316?
-312
In base 14, what is -5 + -99?
-a0
In base 8, what is 44 - 14?
30
In base 5, what is -14 - 2?
-21
In base 9, what is 2 - -827?
830
In base 9, what is 2 - 5?
-3
In base 9, what is 461 - -1?
462
In base 6, what is 5235 + 4?
5243
In base 12, what is 6 + -9?
-3
In base 9, what is 0 - -877?
877
In base 2, what is 0 + 1001110000?
1001110000
In base 16, what is a + -53?
-49
In base 7, what is -10 - 12?
-22
In base 2, what is -10011 - -1?
-10010
In base 7, what is -4 - 50?
-54
In base 12, what is 47 - -5?
50
In base 13, what is -1 - -10?
c
In base 6, what is -42203 - 3?
-42210
In base 7, what is -42 - 16?
-61
In base 2, what is 101000 - -1?
101001
In base 14, what is -69 + -3?
-6c
In base 6, what is 5 - -5454?
5503
In base 9, what is 14 - 77?
-63
In base 15, what is 101 + 1d?
11e
In base 7, what is 5 - -243?
251
In base 11, what is -13 - -4a?
37
In base 2, what is 10 + -101010001100?
-101010001010
In base 9, what is -186 + 17?
-168
In base 14, what is -4a + a?
-40
In base 13, what is -276 - 4?
-27a
In base 10, what is -1 - 331?
-332
In base 16, what is -8c5 - 1?
-8c6
In base 6, what is -204 - 1?
-205
In base 6, what is 42 - -2?
44
In base 7, what is 3 + 3?
6
In base 3, what is -10 + 2211?
2201
In base 14, what is -3 + -352c?
-3531
In base 6, what is -122 + -1430?
-1552
In base 8, what is -402 + 3?
-377
In base 9, what is -5 + 0?
-5
In base 11, what is 416 + -3?
413
In base 13, what is 8 - -3?
b
In base 4, what is 20 + -31113?
-31033
In base 6, what is 4 + 10?
14
In base 14, what is -24 + 24?
0
In base 4, what is 201231 + 10?
201301
In base 9, what is 4 - 50?
-45
In base 16, what is -47 - -7?
-40
In base 14, what is 8 - -31?
39
In base 12, what is -1a - 9?
-27
In base 5, what is -3 - 103?
-111
In base 4, what is -2 + 2010?
2002
In base 9, what is -8 + 356?
347
In base 4, what is 233003 - 10?
232333
In base 5, what is 32 - -231?
313
In base 10, what is -2 + 217?
215
In base 14, what is -671 + 3?
-66c
In base 2, what is 10 - -11101010?
11101100
In base 6, what is -201 + 153?
-4
In base 11, what is 90 + 14?
a4
In base 2, what is 110110111 + 111?
110111110
In base 2, what is -10101110 + -1111?
-10111101
In base 11, what is 30a + 4?
313
In base 5, what is -3 - -323?
320
In base 12, what is 147 + -18?
12b
In base 7, what is 156 - 10?
146
In base 6, what is -122 + 5?
-113
In base 8, what is 66 - -5?
73
In base 12, what is -8b + -2?
-91
In base 2, what is -101 + 1100101010011?
1100101001110
In base 16, what is 38 - -5?
3d
In base 2, what is -11 + 11111101?
11111010
In base 8, what is -3 + 650?
645
In base 12, what is 1700a - -4?
17012
In base 3, what is 1102 + -1001?
101
In base 13, what is -3 + 32?
2c
In base 14, what is -1013 + -8?
-101b
In base 13, what is 44 - -4?
48
In base 14, what is -25 + 16c?
147
In base 12, what is 9 - -4?
11
In base 9, what is -4 - 112?
-116
In base 10, what is 45 + -4?
41
In base 8, what is -57 - -32?
-25
In base 13, what is -766 - -4?
-762
In base 10, what is -331 - -1?
-330
In base 9, what is 7 - 88?
-81
In base 9, what is 41 - -57?
108
In base 13, what is -34 - -131?
ca
In base 7, what is -26422 + 1?
-26421
In base 11, what is -12 + 23?
11
In base 6, what is 11 + 1?
12
In base 9, what is 3 - -21?
24
In base 2, what is -100100 - 1111?
-110011
In base 5, what is 0 + 14413?
14413
In base 3, what is 1 - -2011212?
2011220
In base 10, what is 1 - 7?
-6
In base 5, what is -20 + 203?
133
In base 16, what is 1 - -114e?
114f
In base 7, what is 5 - 206?
-201
In base 7, what is 4 - -503?
510
In base 10, what is -1 - 312?
-313
In base 14, what is -1 - -b?
a
In base 4, what is -101 - -121?
20
In base 16, what is -2 - -c0?
be
In base 12, what is 3aa + -3?
3a7
In base 8, what is -3 - 2660?
-2663
In base 15, what is -142 + -2?
-144
In base 16, what is -56 - 4?
-5a
In base 9, what is 5 - 24?
-18
In base 3, what is -212202 + -10?
-212212
In base 4, what is -2201 - -32?
-2103
In base 16, what is d - 0?
d
In base 4, what is 1 - 100131?
-100130
In base 9, what is -7 - -73?
65
In base 5, what is 1 - 212?
-211
In base 2, what is 101 + 101100?
110001
In base 3, what is -2001011 - 2?
-2001020
In base 11, what is 5 + -111?
-107
In base 8, what is -117 + -12?
-131
In base 4, what is -101310 + -3?
-101313
In base 13, what is 1 - 73?
-72
In base 10, what is 1 - 64?
-63
In base 14, what is 3 - -2b8?
2bb
In base 16, what is 1646 - 3?
1643
In base 7, what is 4 - 1136?
-1132
In base 7, what is 36 - -5?
44
In base 12, what is -5 + -418?
-421
In base 9, what is -21 - -258?
237
In base 11, what is -5 - -5?
0
In base 10, what is 39 - -27?
66
In base 6, what is 1130 + 4?
1134
In base 14, what is 3 - b?
-8
In base 13, what is -2c + -3?
-32
In base 9, what is -1 + -7276?
-7277
In base 13, what is 8 + 562?
56a
In base 10, what is 11 + 17?
28
In base 13, what is -24 + -4?
-28
In base 4, what is -10123023 + 3?
-10123020
In base 15, what is -2c - -179?
14c
In base 4, what is 121132 + 1?
121133
In base 14, what is -1 + 272?
271
In base 10, what is 36 - 2?
34
In base 7, what is -5 + 43?
35
In base 14, what is -1 - 6ba?
-6bb
In base 2, what is 1011100 + -100?
1011000
In base 12, what is -19 + -378?
-395
In base 14, what is -4 - -395?
391
In base 9, what is -77 + 8?
-68
In base 5, what is 4 - -324?
333
In base 12, what is 1ab + 33?
222
In base 6, what is -104 - 1245?
-1353
In base 13, what is 9 - -15?
21
In base 16, what is 4 + -1c?
-18
In base 11, what is -22 - -9?
-14
In base 11, what is 4 - -12?
16
In base 5, what is -102 + -20?
-122
In base 12, what is 5 - 53?
-4a
In base 5, what is -1 + 110?
104
In base 10, what is -3 + 83?
80
In base 16, what is 0 + d1?
d1
In base 14, what is c - c?
0
In base 2, what is -1000 - 1110101?
-1111101
In base 16, what is 7 + -5?
2
In base 6, what is -3 - -3403?
3400
In base 15, what is 57 + -d?
49
In base 15, what is -21 - -6d?
4c
In base 10, what is -9506 - 3?
-9509
In base 2, what is 101001 + 0?
101001
In base 10, what is 441 + 2?
443
In base 9, what is -32 - -22?
-10
In base 16, what is -3 + -10fd?
-1100
In base 16, what is -d - -e?
1
In base 3, what is -11 - -22110202?
22110121
In base 6, what is 22 - -24?
50
In base 15, what is 4 - -4d?
52
In base 12, what is -3 + 14a9?
14a6
In base 10, what is 86 + -3?
83
In base 3, what is -21101101 - -12?
-21101012
In base 4, what is -1003 + -2?
-1011
In base 8, what is 442 - 5?
435
In base 9, what is 46 + -5?
41
In base 8, what is 122 - 5?
115
In base 3, what is -1 - 1011?
-1012
In base 9, what is 7754 + 2?
7756
In base 13, what is 0 - 3?
-3
In base 15, what is -2b - -ab?
80
In base 5, what is -23 - -22233?
22210
In base 7, what is -113 - -1011?
565
In base 4, what is -10 + -1030303?
-1030313
In base 13, what is -40 - -20?
-20
In base 14, what is -ca - -10?
-ba
In base 16, what is -2 + -28c?
-28e
In base 6, what is 11 + 0?
11
In base 7, what is -62 - -10?
-52
In base 15, what is -26e - 0?
-26e
In base 14, what is -911 - -1?
-910
In base 12, what is -b - -50?
41
In base 11, what is -1629 - -4?
-1625
In base 16, what is -2 - -5d?
5b
In base 15, what is 4e5 - 4?
4e1
In base 15, what is 283 - 3?
280
In base 9, what is -20 + 28?
8
In base 3, what is 2 + -122002?
-122000
In base 7, what is 1 + 10?
11
In base 3, what is 10 - -11101?
11111
In base 7, what is -1052 - -2?
-1050
In base 6, what is 2 - -5235?